der when 406445307 is divided by 10?
7
Calculate the remainder when 61000542 is divided by 146.
136
Calculate the remainder when 2306096 is divided by 1003.
199
What is the remainder when 83832 is divided by 41382?
1068
What is the remainder when 3894504 is divided by 133?
131
Calculate the remainder when 14591756 is divided by 858338.
10
What is the remainder when 9504447 is divided by 530?
487
What is the remainder when 7366469 is divided by 2986?
7
Calculate the remainder when 24652067 is divided by 219.
113
What is the remainder when 25374 is divided by 4871?
1019
Calculate the remainder when 408241 is divided by 4295.
216
Calculate the remainder when 267204 is divided by 2489.
881
Calculate the remainder when 901418 is divided by 76.
58
Calculate the remainder when 8004514 is divided by 1143502.
0
Calculate the remainder when 35808590 is divided by 671.
4
Calculate the remainder when 14394996 is divided by 162.
0
Calculate the remainder when 4760747 is divided by 1586910.
17
Calculate the remainder when 6899390 is divided by 18.
8
Calculate the remainder when 20395185 is divided by 44.
41
What is the remainder when 91787262 is divided by 64?
62
What is the remainder when 554175 is divided by 387?
378
What is the remainder when 177049 is divided by 3479?
3099
Calculate the remainder when 296438016 is divided by 1580.
1576
What is the remainder when 742521 is divided by 61876?
9
Calculate the remainder when 2615632 is divided by 1063.
652
What is the remainder when 20281 is divided by 6289?
1414
Calculate the remainder when 35062935 is divided by 262.
261
Calculate the remainder when 1058090 is divided by 10077.
5
What is the remainder when 5202950 is divided by 58?
2
What is the remainder when 452619 is divided by 3688?
2683
What is the remainder when 3359 is divided by 644?
139
Calculate the remainder when 1412177 is divided by 148.
109
What is the remainder when 302807 is divided by 151375?
57
What is the remainder when 331361 is divided by 66268?
21
What is the remainder when 151042546 is divided by 292?
290
Calculate the remainder when 37027920 is divided by 248.
32
What is the remainder when 167035 is divided by 483?
400
What is the remainder when 2414641 is divided by 154?
75
What is the remainder when 40694 is divided by 714?
710
What is the remainder when 1183897 is divided by 591925?
47
What is the remainder when 33381 is divided by 16642?
97
Calculate the remainder when 4528507 is divided by 1611.
1597
Calculate the remainder when 1338241 is divided by 1439.
1410
Calculate the remainder when 329936 is divided by 305.
231
Calculate the remainder when 9767331 is divided by 2569.
2562
Calculate the remainder when 999586 is divided by 499781.
24
Calculate the remainder when 6073189 is divided by 962.
83
Calculate the remainder when 78774 is divided by 15.
9
What is the remainder when 22714 is divided by 22144?
570
Calculate the remainder when 1241289 is divided by 248253.
24
What is the remainder when 4461 is divided by 2112?
237
What is the remainder when 6465212 is divided by 17?
10
Calculate the remainder when 18606 is divided by 3510.
1056
Calculate the remainder when 1681389 is divided by 1104.
1101
Calculate the remainder when 4467797 is divided by 8351.
12
Calculate the remainder when 2187105 is divided by 546722.
217
Calculate the remainder when 36527 is divided by 4519.
375
Calculate the remainder when 239041457 is divided by 6.
5
What is the remainder when 139884 is divided by 46621?
21
Calculate the remainder when 59406802 is divided by 18.
16
What is the remainder when 2425665 is divided by 46?
39
What is the remainder when 186961822 is divided by 13?
8
Calculate the remainder when 1382222 is divided by 460732.
26
Calculate the remainder when 58509 is divided by 5312.
77
Calculate the remainder when 223899 is divided by 223879.
20
Calculate the remainder when 29978620 is divided by 467.
22
Calculate the remainder when 30644046 is divided by 1590.
1566
What is the remainder when 444765 is divided by 4?
1
Calculate the remainder when 152126 is divided by 13618.
2328
Calculate the remainder when 1168298 is divided by 77.
54
What is the remainder when 153612 is divided by 12781?
240
Calculate the remainder when 367952528 is divided by 110.
108
Calculate the remainder when 19266609 is divided by 48.
33
Calculate the remainder when 204970 is divided by 68016.
922
Calculate the remainder when 1221631 is divided by 18.
7
Calculate the remainder when 2295666 is divided by 62.
54
What is the remainder when 1999508 is divided by 605?
588
What is the remainder when 971461 is divided by 4727?
2426
What is the remainder when 1277952 is divided by 102?
96
Calculate the remainder when 76643 is divided by 25155.
1178
What is the remainder when 45602834 is divided by 1685?
1679
Calculate the remainder when 30183 is divided by 5999.
188
What is the remainder when 5021919 is divided by 19?
10
Calculate the remainder when 1989408 is divided by 707.
617
What is the remainder when 1611695 is divided by 208?
111
Calculate the remainder when 5548956 is divided by 37.
29
Calculate the remainder when 657153 is divided by 64.
1
What is the remainder when 75073 is divided by 181?
139
What is the remainder when 1811500882 is divided by 12972?
12970
What is the remainder when 8656593 is divided by 2164148?
1
Calculate the remainder when 90405 is divided by 1352.
1173
What is the remainder when 30838 is divided by 5128?
70
What is the remainder when 702593 is divided by 568?
545
Calculate the remainder when 22974 is divided by 269.
109
What is the remainder when 498141 is divided by 5355?
126
What is the remainder when 468575 is divided by 2798?
1309
Calculate the remainder when 3017520 is divided by 298.
270
What is the remainder when 5752060 is divided by 43576?
28
What is the remainder when 957127 is divided by 1028?
59
Calculate the remainder when 249990 is divided by 2828.
1126
What is the remainder when 111975 is divided by 362?
117
What is the remainder when 433380 is divided by 1027?
1013
Calculate the remainder when 1074139 is divided by 179023.
1
What is the remainder when 61105 is divided by 789?
352
What is the remainder when 105949829 is divided by 4567?
4563
Calculate the remainder when 86061 is divided by 1039.
863
What is the remainder when 50470 is divided by 192?
166
What is the remainder when 65461304 is divided by 77?
62
Calculate the remainder when 607717 is divided by 26.
19
What is the remainder when 17318 is divided by 23?
22
Calculate the remainder when 144546 is divided by 1690.
896
Calculate the remainder when 234104 is divided by 21277.
57
Calculate the remainder when 574989 is divided by 303.
198
Calculate the remainder when 11746635 is divided by 464.
11
What is the remainder when 10109 is divided by 7608?
2501
Calculate the remainder when 837891 is divided by 4433.
54
Calculate the remainder when 833871 is divided by 208458.
39
Calculate the remainder when 13602531 is divided by 209.
184
What is the remainder when 64212967 is divided by 568?
567
What is the remainder when 603253 is divided by 201080?
13
Calculate the remainder when 7011511 is divided by 1752861.
67
What is the remainder when 189630 is divided by 2673?
2520
What is the remainder when 2890211 is divided by 49?
44
What is the remainder when 596207 is divided by 595956?
251
What is the remainder when 17859274 is divided by 2748?
22
What is the remainder when 254175 is divided by 129?
45
Calculate the remainder when 38334 is divided by 900.
534
What is the remainder when 21292628 is divided by 341?
247
Calculate the remainder when 923106 is divided by 230293.
1934
What is the remainder when 1018184 is divided by 257?
207
Calculate the remainder when 720308 is divided by 55396.
160
Calculate the remainder when 26411893 is divided by 3631.
3630
What is the remainder when 8586053 is divided by 28?
21
What is the remainder when 15145585 is divided by 458?
441
What is the remainder when 531630 is divided by 54?
0
Calculate the remainder when 12634203 is divided by 4141.
12
What is the remainder when 58779 is divided by 76?
31
Calculate the remainder when 2042976 is divided by 41.
28
What is the remainder when 12086285 is divided by 61?
50
What is the remainder 